is the ten thousands digit of x(30)?
3
Let h(l) = -l**2 + 36*l + 36. Let o be h(37). Let j(s) = -285*s. What is the hundreds digit of j(o)?
2
Let d(g) = 34*g**2 - 27*g - 69. What is the tens digit of d(-13)?
2
Suppose r = s - 1216, r - 10*s = -5*s - 1208. What is the units digit of 0/2 + r/(-21)?
8
Let x be (5 + (-76)/8)/((-9)/(-24)). Let b be (x/8)/(1/(-2) + 0). Suppose 1816 = 5*s + b*s. What is the units digit of s?
7
Suppose 4*x - 4*b - 366520 = 0, 65*b - 91654 = -x + 62*b. What is the tens digit of x?
3
Let i be (-2732)/(-14) + 4/(-28). Let c be i/30 + (-3)/2. Let p(v) = v**3 - v**2 + 10*v - 15. What is the units digit of p(c)?
5
Suppose 29*a = 26*a + 20034. What is the hundreds digit of a?
6
Suppose 3*a - 5*u = 0, 2*a - u = 2*u - 1. Let q = -1 - a. Suppose -q*o + 5*j + 475 = 0, -j + 309 = 5*o - 263. What is the units digit of o?
5
What is the units digit of (-2)/(116/(-327381)) - (-6)/4?
6
Let p(g) = 319 - 290 + 21*g**2 + 22*g - 7*g + g**3. Let c(m) = -2*m**2 + 2*m + 20. Let o be c(5). What is the units digit of p(o)?
9
Let c(s) = -4*s**3 - 6*s - 5. Let z be c(-1). Suppose z*g - 674 = 4*f + 506, f = -4*g + 944. Suppose -8*d + 6*d = -g. What is the units digit of d?
8
Let v(u) = -u**2 - 6*u - 1. Let r be v(-5). Suppose -18*x + 70 = 88. What is the units digit of r + x - -20*(-7)/(-2)?
3
Let d(t) = 6*t**2 - t - 10. Suppose 0*r + r + 5 = 0, 0 = p + r - 6. What is the tens digit of d(p)?
0
Suppose 303206 = 36*r - 357394. What is the ten thousands digit of r?
1
Let n = 642 + -637. Suppose -n*l + 4*m = -5793, m + 1147 = l + 6*m. What is the thousands digit of l?
1
What is the units digit of (-1 - -9) + (-2 + 9 - -27042)?
7
Let h = -69 - -76. Let p(i) = 31*i - 7. Let g be p(h). Suppose 0*o + g = 2*o. What is the hundreds digit of o?
1
Let x = 19549 + -12716. What is the thousands digit of x?
6
Suppose -2*u + m - 6*m + 81260 = 0, 0 = 4*u + 5*m - 162520. What is the ten thousands digit of u?
4
Suppose 7*g - 108 = 4*g. Let s = 24 + g. What is the tens digit of s?
6
Let i = -1201 - -829. Let w = i - -2180. What is the thousands digit of w?
1
Suppose 3294 = -32*i + 41*i. What is the hundreds digit of i - 1*(-1)/(-2)*0?
3
Suppose 340*w - 263*w - 269885 = 0. What is the tens digit of w?
0
Let s = 12376 - 8732. What is the thousands digit of s?
3
Let t be 8 - ((-6)/2 + 2). Suppose -t*d + 4*d = 200. Let g = d + 41. What is the units digit of g?
1
Suppose -2195 = -22*p + 139070 + 77327. What is the hundreds digit of p?
9
Let t be 2 + 2016/44 + (-6)/(-33). Let c be (38/(-12))/1 + 8/t. What is the tens digit of 0/c + 3*33?
9
Suppose -131*d = 143018 - 102665 - 5698898. What is the ten thousands digit of d?
4
Let n be ((-1924)/16)/((-13)/312). Suppose -49*t + 47*t + n = 0. What is the hundreds digit of t?
4
Let i = 11 - -67. What is the tens digit of ((-30)/12 + 3)*i?
3
Let m be 30/4 - (-7)/14. Suppose -4*v + 27 = -3*o, -3*v + o + m = -2*v. Suppose -3*l + 107 = -p, 2*l - v*p = 4*l - 53. What is the tens digit of l?
3
Let x(f) = 2*f**2 + 17*f + 11. Let o be x(-8). Suppose -o*b = b - 24. Let j(t) = 3*t - 5. What is the tens digit of j(b)?
1
Let y(x) = -5*x - 64. Let t be y(-14). Suppose -g - t*r = -3*r - 440, r = g - 420. What is the units digit of g?
5
Suppose -6*z + 5876 = -18262. What is the hundreds digit of z?
0
Let d = -32 + 34. Suppose -2*i + 4*h + 444 = 0, -h = -d*i + 3*i - 213. What is the tens digit of i?
1
Suppose 5 + 0 = -s. Let j(f) = -3*f**3 - 6*f**2 - 9*f - 13. What is the tens digit of j(s)?
5
Let v = -11381 - -18980. What is the hundreds digit of v?
5
Let s(t) = 42*t - 4. Let f(d) be the second derivative of -41*d**3/6 + d**2 - 35*d. Let g(l) = 3*f(l) + 2*s(l). What is the tens digit of g(-7)?
7
Let l(u) = -10*u - 115. Let i be l(-11). What is the hundreds digit of (-2 + i + 3)*(1 + -110)?
4
What is the hundreds digit of (-882)/54 + 16 - (-22948)/3?
6
Let s(m) = -400*m + 1714. What is the hundreds digit of s(-45)?
7
Let f(x) = -3*x**2 + 3*x**3 - 6*x**2 - 20*x - 2*x**3 - 16. Let a be f(11). Suppose 173 = a*i - 5*i + d, -2*i = -d - 349. What is the units digit of i?
4
Let l(h) = 15*h + 403. Let s be l(-26). Suppose 5*k - 20286 = -s*k. What is the tens digit of k?
2
Let k(m) = -m**3 - 36*m**2 + 80*m + 141. Let c be k(-38). Let t(s) = 2*s**2 + 11*s - s**2 - 3*s**2 - 2 + 4*s**2. What is the units digit of t(c)?
9
Let b be 2 + 4485/(-92) + (-1)/4. Let u = b - -846. What is the tens digit of u?
9
Suppose 0 = -25*i + 20*i - 4*s + 70709, s - 14142 = -i. What is the hundreds digit of i?
1
Let h = -47 + 47. Suppose h = 5*v - 11*v + 24. Suppose 23 = -c - 4*g + 282, 0 = -v*c + 2*g + 1000. What is the tens digit of c?
5
Suppose -10*s + 8 = -6*s. Let f be (-28)/(-13) - 16/104 - -736. What is the units digit of (s + 0)/(6/f)?
6
Let b(a) = a**3 + a**2 + 25*a + 4202. What is the thousands digit of b(0)?
4
Let a(s) = -74*s**3 + 5*s**2 + 13*s + 29. What is the thousands digit of a(-3)?
2
Let x = -22432 + 37946. What is the hundreds digit of x?
5
Suppose 0 = -2*j - 10, 0 = -0*a + 5*a + j + 5. Suppose a = 9*d - 7*d - 234. Suppose -2*f = -547 + d. What is the units digit of f?
5
Let s(a) = a**3 - 25*a**2 - 21*a - 30. Let y be s(11). Let o = -442 - y. What is the units digit of o?
3
Suppose 0 = 44*h - 45*h - 33. What is the tens digit of 1*-5*(h + 4 - -5)?
2
Let x(t) = -13*t**3 + 8*t**2 + 120*t + 11. What is the tens digit of x(-9)?
5
Suppose -h + 24723 = -30*v + 25*v, 0 = 5*h + 2*v - 123642. What is the units digit of h?
8
Let l = 16 + -25. Let j be (-2)/l - 716/(-18). Let t = j + -15. What is the tens digit of t?
2
Suppose -2691 = -2*u - 899. Let r = u + -323. What is the units digit of r?
3
What is the tens digit of 13708/(-138)*(-40 - -1)?
7
Let r(q) = q**2 - 26*q + 29. Let n be r(25). Suppose -4*c - 3*i = -9*c - 6, -n*c = -2*i + 4. What is the hundreds digit of (1 - (c - 285)) + 21/(-7)?
2
Let d(p) = 34*p + 192. Let o be d(-40). Let t = -828 - o. What is the tens digit of t?
4
Let f(m) = m**3 + 4*m**2 + 9*m + 71. What is the units digit of f(16)?
5
Let r be 1128/168 - ((-12)/(-7) - 2). What is the hundreds digit of (-3 + r)/((-12)/(-933))?
3
Suppose -4*d + 14 = -10. Suppose 0 = z - 3*z + d. Suppose 0 = -3*u + 9, 0 = -z*p - 8*u + 3*u + 96. What is the tens digit of p?
2
Let x = 224 - 220. Suppose -5*v + 0*v = 0, 3*k = -x*v + 732. What is the hundreds digit of k?
2
Let x = 57 - 22. Let v = x - 16. Let p = 20 - v. What is the units digit of p?
1
Let j = -3 - 135. Let a = 421 - j. Suppose 4*v = 5*y - 573, -y - 4*y - 3*v + a = 0. What is the units digit of y?
3
Suppose -4*h = -36*h + 44416. Let c = h - 831. What is the units digit of c?
7
What is the thousands digit of ((-63134)/(-10) - 1) + (-854)/35 + 24?
6
Let n = -6 + 14. Let v = -3 + 18. Let c = v - n. What is the units digit of c?
7
Suppose 2*m - 20659 = -88*l + 91*l, 5*l = 3*m - 30991. What is the hundreds digit of m?
3
Let y(m) = 11792*m + 1451. What is the ten thousands digit of y(3)?
3
Let d be 1*(1 - -2) + 1. Suppose 4*x - 32 = 5*u - u, d*u = -12. Suppose x*m - 8*m + 174 = 0. What is the units digit of m?
8
Suppose -10*q + 10*q = q - 12081. What is the thousands digit of q?
2
Suppose 4*u + 8 = p - 0*p, -3*u - 5*p + 17 = 0. What is the units digit of ((-76)/(-228))/(1588/(-1590) - u)?
5
Suppose -29536 - 5914 = -10*i. Suppose -o = 5*q - 855, 4*o - q = 4*q + i. What is the units digit of o?
0
Suppose -95*r = -84*r - 361515. What is the units digit of 1/(77/r) - (-2)/11?
7
What is the hundreds digit of 23*134 + 1250/(-225) + (-12)/27?
0
Suppose 4*t + 2*h = 251390, 66*t + 5*h + 314275 = 71*t. What is the tens digit of t?
5
Let x be (44 - 44)*((-2)/(-1) + -1). Suppose -3*k = 9, x = 5*b + 2*k - 3*k - 403. Let l = 142 - b. What is the units digit of l?
2
Let b be ((-12)/(-18))/((-8)/15292)*-3. Suppose -9*w + b = 853. What is the tens digit of w?
3
Suppose -2*x + 62903 + 67221 = 4*z, -x + 65064 = z. What is the thousands digit of x?
5
Let r = -1771 + 9120. What is the tens digit of r?
4
Suppose 3*s + 8 = 5*r - 2, -22 = 2*r + 4*s. What is the units digit of (1/r)/((-34)/64328)?
2
Let b = 1065 - 1234. Suppose -5*n = 3*g + 289, -n - 52 = 3*g + 217. Let x = g - b. What is the tens digit of x?
8
Let g = -178 - -258. Let r = 85 - g. Suppose -r*a - 5*v = -545, 0 = 4*a - v + 3*v - 438. What is the tens digit of a?
1
Le